et u = -15 - 19. Let a be 4*(2 + -3)*u. Suppose 0 = 3*r + r - a. What is the tens digit of r?
3
Let a = 3718 + -186. What is the tens digit of a?
3
Let c(x) = -8*x**3 + x - 1. Let p be c(1). Let z(v) = v**2 + 8*v + 3. Let o be z(p). Suppose 4*q + 4*w = 28, 0 = -q - 3*w - o. What is the tens digit of q?
1
Suppose 3*m + 58 = 5*m. Let h be (-2 + -2)*-1 - m. Let l = -21 - h. What is the units digit of l?
4
Let h = -840 - -1252. What is the hundreds digit of h?
4
Let q = 48 + -24. Let c = -23 + q. Suppose -x + 3*t - 53 = -3*x, -t = c. What is the tens digit of x?
2
Suppose 48 = 5*v - 4*v - 4*a, -5*v + 5*a = -165. Suppose y - 5*k = -v, y - 6*y + 5*k = 140. What is the tens digit of 0 - (-7)/(y/(-64))?
1
Suppose 0 = 26*q - 21*q - 29965. What is the tens digit of q?
9
Suppose -5*v + s = 76, -5*v + s - 60 = -4*s. Let n(l) = -l**2 - 16*l + 12. Let w be n(v). Let t(z) = z**2 - 12*z + 5. What is the units digit of t(w)?
5
Let f be (-2)/9 + 20/9. Let k = f - 5. What is the units digit of k + 45/((-9)/(-3))?
2
Suppose 0 = -3*c - 2*i + 7*i - 41, -3*i + 26 = -2*c. What is the units digit of 88 + c/((-7)/2)?
0
Suppose 0 = 4*w - w + 9. What is the units digit of 2 - (5 + w - 70)?
0
Let i(q) = q + 11. Let z be i(-6). Let v(h) = -z*h**2 - 3 - 5*h**3 + 4*h - 3 + 4*h**3. What is the units digit of v(-6)?
6
Let f(p) = -119*p - 63. What is the units digit of f(-4)?
3
Let u(n) = -118*n - 64. What is the units digit of u(-11)?
4
Let c(a) = a**3 - 4*a**2 - 10*a - 2. Let h be ((-35)/20 - -1)*-8. What is the tens digit of c(h)?
1
Let l be (7/2*1)/(3/6). Let o = 94 + l. What is the tens digit of o?
0
Let t(q) = 2*q - 1. Let j be t(3). Suppose j*k - 308 = k. What is the tens digit of k?
7
Let b(a) = -2*a**2 - 13*a - 9. Let v(p) = -3*p**2 - 19*p - 13. Let u(j) = -7*b(j) + 5*v(j). Let w be u(-3). What is the tens digit of 1 + -4*(w + -7)?
2
Suppose -4*f + 4 = 0, 4*o - 6*o = -f - 7. Suppose -o*v + 116 + 116 = 0. Suppose 0 = 3*u + 4*b - v, -b - 26 = -u - 2. What is the tens digit of u?
2
Suppose 0 = -214*u + 207*u + 2352. What is the tens digit of u?
3
Suppose -4*c - 4 = 0, -17*c = -2*h - 16*c + 7. Let g(f) = -19*f + 6. Let m be g(-6). Suppose k - m = -h*k. What is the units digit of k?
0
What is the hundreds digit of ((-9 - -3) + -542)*-2?
0
Let o(d) = d**3 + 12*d**2 + d. Let n be o(-12). Let g = -26 - n. What is the tens digit of g/(-35) - 909/(-15)?
6
Let a(s) = s**3 - 5*s**2 + 3. Let k be a(2). What is the units digit of 474/(-3)*k/18?
9
Suppose 4*y - 6 = 2*y. Suppose 0 = -r - 2*j + 48, 5*j - 183 + 38 = -y*r. What is the tens digit of r?
5
Let t = 36 - 59. Let j = -20 - t. Let u = 22 - j. What is the units digit of u?
9
Let q(m) = 6*m + 22. Suppose 0 = -4*v + 4*k + 20, -3*k - 43 = -3*v - 7*k. What is the tens digit of q(v)?
7
Suppose -16*v = -21*v + 20. Let m(f) = f**3 - 9*f**2 + 8*f + 5. Let y be m(8). Let g = v + y. What is the units digit of g?
9
Suppose b - 5*t - 22 = -3, -39 = -b + t. Let u(z) = z**3 - 7*z**2 - 9*z - 2. Let a be u(8). What is the units digit of (b/a)/((-18)/45)?
1
Let f(g) = g**3 + 16*g**2 + 10*g - 9. Let n be f(-11). Suppose -2*u + 3*x - 187 = -n, 5*x + 593 = 4*u. What is the units digit of u?
2
Let m = 188 - -708. What is the hundreds digit of m?
8
Let q be (51/(-9) - -3)*-6. Suppose -2*i = -4*i - q. Let c(v) = v + 12. What is the units digit of c(i)?
4
Suppose 4*z = -3*x + 2*x - 35, 2*x + 35 = -z. Let k = x + 72. Suppose -3*a = -k - 24. What is the tens digit of a?
2
Let w(t) = 8*t**2 - 10*t + 10. What is the tens digit of w(-4)?
7
Let f be 160/85 + 4/34. Let k = -87 - -141. Suppose -f*h = -0*w + 4*w - 54, -3*w + 3*h + k = 0. What is the tens digit of w?
1
Let a = -444 - -683. Suppose 0 = 4*l + 4, -l + 19 - a = -3*n. What is the tens digit of n?
7
Suppose 6*l - 166 = 4*l. Let q = l + -22. Let r = q - -11. What is the tens digit of r?
7
Let j(p) = 231*p**2 + 4*p - 7. What is the thousands digit of j(-3)?
2
Suppose 0 = 6*s - 52 - 56. What is the tens digit of s?
1
Let b be (-10)/15 - (-442)/6. Let g = b + -104. Let p = 59 + g. What is the tens digit of p?
2
Suppose 1 = -4*h + 17. Suppose h*g - 7 = 2*o + 1, -12 = -4*g. Suppose -4*z + 63 = 4*r - 9*r, -4*z + o*r + 54 = 0. What is the units digit of z?
2
Let b = 2 + 0. Suppose 0*j = -b*u - 3*j + 23, -j = -2*u + 3. Suppose -u*s = -14 - 34. What is the units digit of s?
2
Let w(a) = 2*a. Let r be w(4). Suppose 4*m - 56 = -0*z + z, 0 = z. Suppose -3*t = t + 4*c - r, t - 5*c - m = 0. What is the units digit of t?
4
Suppose -3*u + 3*c = c - 12, u + 3*c - 15 = 0. Let s be u/(-1)*8/12. What is the tens digit of (-7 - s)*40/(-6)?
2
Suppose 0 = 3*b + 5*j + 91, -78 = 2*b - 0*j - j. Let p = b + 49. What is the tens digit of p?
1
Let x = 92 - 53. What is the units digit of x?
9
Let o(f) = f**2 + f + 2. Let w = -12 - -12. Suppose -4*n + 12 = 2*r, w = -0*r - r - 5*n + 18. What is the units digit of o(r)?
4
Suppose -3*y + 581 - 41 = 0. Let t be ((-12)/28 - 0)*-7. Suppose t*w + y = 7*w. What is the units digit of w?
5
Let f = 1332 + -754. What is the tens digit of f?
7
What is the units digit of 7*(-28)/(-245)*(292 - 2)?
2
Let m = 537 - 173. What is the tens digit of m?
6
Let j(x) = 12*x - 23. Let z(o) = 23*o - 47. Let p(f) = -9*j(f) + 4*z(f). What is the tens digit of p(-4)?
8
Let y be 2/(-4) - (-1)/(0 + 2). Suppose r + 85 - 255 = y. What is the units digit of r?
0
What is the units digit of (12/(-16)*59)/(7/(-84))?
1
Let d = 2503 - 1640. What is the tens digit of d?
6
Let v(k) = -k**3 + 14*k**2 - 10*k - 19. Suppose -6*o + 16 + 62 = 0. What is the tens digit of v(o)?
2
Suppose -45557 - 37035 = -29*r. What is the tens digit of r?
4
Suppose 0 = -3*s - 3*u + 1767, 10*u = -s + 8*u + 591. What is the hundreds digit of s?
5
Let n(i) be the first derivative of -i**3/3 - 5*i**2/2 + 12*i - 29. What is the tens digit of n(-4)?
1
Suppose 15 = -3*s, -5*s = f + 1 + 11. What is the tens digit of (f - 3/6*-4) + -3?
1
Let h = 716 + 316. What is the tens digit of h?
3
Let k = 856 - 602. What is the units digit of k?
4
Let w be 3*3/(-9)*-3. Let h = -1 + w. Suppose 2*m + 4 = 0, 2*n - h*m = -n + 43. What is the tens digit of n?
1
Suppose -3*o - 5 = 5*l, -3*l - 1 = 5*o - 2*l. Suppose o*i - 3*b = -5*i + 128, 2*b + 20 = i. What is the tens digit of i?
2
What is the hundreds digit of 30/12*846/15?
1
What is the tens digit of (-9)/(-2)*2440/60?
8
Let a(t) = 25*t**3 + 2*t**2 + 0*t**2 + 16 - 8*t**2 - 6*t - 24*t**3. What is the tens digit of a(7)?
2
Let i(r) = -3560*r**3 - 14*r**2 - 11*r + 2. What is the thousands digit of i(-1)?
3
Suppose -65 = -7*i + 2*i. What is the tens digit of i?
1
Suppose a = 4*a - 6. Suppose -d = 1, d - 3*d + 20 = -a*x. What is the units digit of (-10)/(-2 + (-20)/x)?
5
Let t = -8395 + 13516. What is the tens digit of t?
2
What is the tens digit of 1/5 - 73152/(-90)?
1
Suppose 15*j - 12*j - v - 17070 = 0, -5*v - 22771 = -4*j. What is the thousands digit of j?
5
Let u = 2033 + -167. What is the tens digit of u?
6
Let m(d) = 4*d - 10. Let t be m(4). Let a(k) = 0*k**3 + 15 - k + 20 + t + k**3. What is the units digit of a(0)?
1
Suppose -5*f = 10 - 50. Suppose b = f - 5. What is the units digit of 15/2*8/b?
0
Let r = -2430 - -3431. What is the units digit of r?
1
Suppose -2*c - 17 = -27. Suppose c*q - 692 = -4*b - 40, 2*b - 5*q = 356. What is the tens digit of b?
6
Suppose -11*q = -7*q - 4104. Suppose 14*u - q = 8*u. What is the tens digit of u?
7
Let w(d) = -d**2 + 18*d + 33. Let y be w(19). Suppose 3*f + 12 = -0*f. What is the units digit of 2/(-4) - y/f?
3
Let y be 0 - (-20 - (0 - 2)). Let d = 48 - y. Let f = d + 7. What is the tens digit of f?
3
Let x(f) = 141*f + 2. Let h be x(2). Let l = h + -192. What is the units digit of l?
2
Let p be (0 - 1)/(1 + 3 - 5). What is the tens digit of p - 5 - 120/(-6)?
1
Let p = -387 - -884. What is the hundreds digit of p?
4
Suppose 0 = -3*l + 5*m + 1549, -l - 87 = -m - 604. What is the tens digit of l?
1
Let w(v) = v**3 + v**2 - 2*v + 6. Let o be w(0). Let i be -2 + 51*1*2. Suppose -2*k - o*c + i = -4*c, 0 = -k - 5*c + 66. What is the units digit of k?
6
What is the tens digit of (3069/(-12))/((-60)/320)?
6
Suppose 2*s - 10 = 0, 3*p - 4*s + 386 = 4*p. What is the hundreds digit of p?
3
Let p(t) = -21*t + 15. Let q(n) = n**2 - n - 5. Let h be q(0). What is the units digit of p(h)?
0